{"version":"1.0","provider_name":"Movimento Bem Maior","provider_url":"https:\/\/movimentobemmaior.org.br","author_name":"Guilherme Mattoso","author_url":"https:\/\/movimentobemmaior.org.br\/author\/guilherme-mattoso\/","title":"Futuro Bem Maior no Bom Dia PB - Movimento Bem Maior","type":"rich","width":600,"height":338,"html":"<blockquote class=\"wp-embedded-content\" data-secret=\"sdsZms84hE\"><a href=\"https:\/\/movimentobemmaior.org.br\/noticias\/futuro-bem-maior-no-bom-dia-pb\/\">Futuro Bem Maior no Bom Dia PB<\/a><\/blockquote><iframe sandbox=\"allow-scripts\" security=\"restricted\" src=\"https:\/\/movimentobemmaior.org.br\/noticias\/futuro-bem-maior-no-bom-dia-pb\/embed\/#?secret=sdsZms84hE\" width=\"600\" height=\"338\" title=\"&#8220;Futuro Bem Maior no Bom Dia PB&#8221; &#8212; Movimento Bem Maior\" data-secret=\"sdsZms84hE\" frameborder=\"0\" marginwidth=\"0\" marginheight=\"0\" scrolling=\"no\" class=\"wp-embedded-content\"><\/iframe><script type=\"text\/javascript\">\n\/* <![CDATA[ *\/\n\/*! This file is auto-generated *\/\n!function(d,l){\"use strict\";l.querySelector&&d.addEventListener&&\"undefined\"!=typeof URL&&(d.wp=d.wp||{},d.wp.receiveEmbedMessage||(d.wp.receiveEmbedMessage=function(e){var t=e.data;if((t||t.secret||t.message||t.value)&&!\/[^a-zA-Z0-9]\/.test(t.secret)){for(var s,r,n,a=l.querySelectorAll('iframe[data-secret=\"'+t.secret+'\"]'),o=l.querySelectorAll('blockquote[data-secret=\"'+t.secret+'\"]'),c=new RegExp(\"^https?:$\",\"i\"),i=0;i<o.length;i++)o[i].style.display=\"none\";for(i=0;i<a.length;i++)s=a[i],e.source===s.contentWindow&&(s.removeAttribute(\"style\"),\"height\"===t.message?(1e3<(r=parseInt(t.value,10))?r=1e3:~~r<200&&(r=200),s.height=r):\"link\"===t.message&&(r=new URL(s.getAttribute(\"src\")),n=new URL(t.value),c.test(n.protocol))&&n.host===r.host&&l.activeElement===s&&(d.top.location.href=t.value))}},d.addEventListener(\"message\",d.wp.receiveEmbedMessage,!1),l.addEventListener(\"DOMContentLoaded\",function(){for(var e,t,s=l.querySelectorAll(\"iframe.wp-embedded-content\"),r=0;r<s.length;r++)(t=(e=s[r]).getAttribute(\"data-secret\"))||(t=Math.random().toString(36).substring(2,12),e.src+=\"#?secret=\"+t,e.setAttribute(\"data-secret\",t)),e.contentWindow.postMessage({message:\"ready\",secret:t},\"*\")},!1)))}(window,document);\n\/\/# sourceURL=https:\/\/movimentobemmaior.org.br\/wp-includes\/js\/wp-embed.min.js\n\/* ]]> *\/\n<\/script>\n","thumbnail_url":"https:\/\/movimentobemmaior.org.br\/wp-content\/uploads\/2022\/12\/gui_bomdia_pb.jpg","thumbnail_width":788,"thumbnail_height":439,"description":"O quarto edital do programa Futuro Bem Maior foi destaque no jornal Bom Dia Para\u00edba, no dia 16 de setembro. Guilherme Mattoso, coordenador de Comunica\u00e7\u00e3o do Movimento Bem Maior, falou ao jornal sobre os crit\u00e9rios, prazos e informa\u00e7\u00f5es para organiza\u00e7\u00f5es sociais e coletivos interessados em participar. Para assistir o v\u00eddeo acesse o site do Globoplay [&hellip;]"}

O quarto edital do programa Futuro Bem Maior foi destaque no jornal Bom Dia Paraíba, no dia 16 de setembro. Guilherme Mattoso, coordenador de Comunicação do Movimento Bem Maior, falou ao jornal sobre os critérios, prazos e informações para organizações sociais e coletivos interessados em participar. Para assistir o vídeo acesse o site do Globoplay [&hellip;]
